{"id":96,"date":"2017-09-27T08:51:18","date_gmt":"2017-09-27T06:51:18","guid":{"rendered":"http:\/\/slac-artsdecombat.fr\/?page_id=96"},"modified":"2022-04-07T19:02:34","modified_gmt":"2022-04-07T17:02:34","slug":"intervenants","status":"publish","type":"page","link":"https:\/\/slac-artsdecombat.fr\/index.php\/intervenants\/","title":{"rendered":"Intervenants"},"content":{"rendered":"<p>Laurent ANDRE (Brevet d&rsquo;\u00e9tat &#8211; 2eme Dan Judo-Jujitsu)<\/p>\n<p><a href=\"https:\/\/slac-artsdecombat.fr\/wp-content\/uploads\/2019\/09\/Copie-de-IMG_20190906_193604.jpg\"><img loading=\"lazy\" decoding=\"async\" class=\"aligncenter  wp-image-864\" src=\"https:\/\/slac-artsdecombat.fr\/wp-content\/uploads\/2019\/09\/Copie-de-IMG_20190906_193604.jpg\" alt=\"\" width=\"231\" height=\"361\" srcset=\"https:\/\/slac-artsdecombat.fr\/wp-content\/uploads\/2019\/09\/Copie-de-IMG_20190906_193604.jpg 1646w, https:\/\/slac-artsdecombat.fr\/wp-content\/uploads\/2019\/09\/Copie-de-IMG_20190906_193604-192x300.jpg 192w, https:\/\/slac-artsdecombat.fr\/wp-content\/uploads\/2019\/09\/Copie-de-IMG_20190906_193604-768x1200.jpg 768w, https:\/\/slac-artsdecombat.fr\/wp-content\/uploads\/2019\/09\/Copie-de-IMG_20190906_193604-655x1024.jpg 655w\" sizes=\"auto, (max-width: 231px) 100vw, 231px\" \/><\/a><\/p>\n<p>Christian ORTEGA (Brevet f\u00e9d\u00e9ral FSGT d\u2019animateur )<\/p>\n<p><img loading=\"lazy\" decoding=\"async\" class=\"size-medium wp-image-124 aligncenter\" src=\"https:\/\/slac-artsdecombat.fr\/wp-content\/uploads\/2017\/10\/IMG_6573-Copie-248x300.jpg\" alt=\"\" width=\"248\" height=\"300\" srcset=\"https:\/\/slac-artsdecombat.fr\/wp-content\/uploads\/2017\/10\/IMG_6573-Copie-248x300.jpg 248w, https:\/\/slac-artsdecombat.fr\/wp-content\/uploads\/2017\/10\/IMG_6573-Copie-768x931.jpg 768w, https:\/\/slac-artsdecombat.fr\/wp-content\/uploads\/2017\/10\/IMG_6573-Copie-845x1024.jpg 845w, https:\/\/slac-artsdecombat.fr\/wp-content\/uploads\/2017\/10\/IMG_6573-Copie.jpg 1876w\" sizes=\"auto, (max-width: 248px) 100vw, 248px\" \/><\/p>\n<p>Jean SALMERON (Brevet f\u00e9d\u00e9ral FSGT d\u2019animateur, Brevet f\u00e9d\u00e9ral de boxe fran\u00e7aise)<\/p>\n<p><img loading=\"lazy\" decoding=\"async\" class=\"size-medium wp-image-125 aligncenter\" src=\"https:\/\/slac-artsdecombat.fr\/wp-content\/uploads\/2017\/10\/IMG_6570-Copie-238x300.jpg\" alt=\"\" width=\"238\" height=\"300\" srcset=\"https:\/\/slac-artsdecombat.fr\/wp-content\/uploads\/2017\/10\/IMG_6570-Copie-238x300.jpg 238w, https:\/\/slac-artsdecombat.fr\/wp-content\/uploads\/2017\/10\/IMG_6570-Copie-768x970.jpg 768w, https:\/\/slac-artsdecombat.fr\/wp-content\/uploads\/2017\/10\/IMG_6570-Copie-811x1024.jpg 811w, https:\/\/slac-artsdecombat.fr\/wp-content\/uploads\/2017\/10\/IMG_6570-Copie.jpg 1805w\" sizes=\"auto, (max-width: 238px) 100vw, 238px\" \/><\/p>\n\n\n<p>Patrice PERETTI (2\u00e8me dan Nihon Taijitsu, 5\u00e8me dan Aikijutsu)<\/p>\n\n\n\n<p class=\"has-text-align-center\"><img loading=\"lazy\" decoding=\"async\" width=\"200\" height=\"267\" class=\"wp-image-953\" style=\"width: 200px;\" src=\"https:\/\/slac-artsdecombat.fr\/wp-content\/uploads\/2020\/09\/patrice-peretti.jpg\" alt=\"\" srcset=\"https:\/\/slac-artsdecombat.fr\/wp-content\/uploads\/2020\/09\/patrice-peretti.jpg 390w, https:\/\/slac-artsdecombat.fr\/wp-content\/uploads\/2020\/09\/patrice-peretti-225x300.jpg 225w\" sizes=\"auto, (max-width: 200px) 100vw, 200px\" \/><br><\/p>\n","protected":false},"excerpt":{"rendered":"<p>Laurent ANDRE (Brevet d&rsquo;\u00e9tat &#8211; 2eme Dan Judo-Jujitsu) Christian ORTEGA (Brevet f\u00e9d\u00e9ral FSGT d\u2019animateur ) Jean SALMERON (Brevet f\u00e9d\u00e9ral FSGT d\u2019animateur, Brevet f\u00e9d\u00e9ral de boxe fran\u00e7aise) Patrice PERETTI (2\u00e8me dan Nihon Taijitsu, 5\u00e8me dan Aikijutsu)<\/p>\n","protected":false},"author":1,"featured_media":0,"parent":0,"menu_order":0,"comment_status":"closed","ping_status":"closed","template":"","meta":{"footnotes":""},"class_list":["post-96","page","type-page","status-publish","hentry"],"_links":{"self":[{"href":"https:\/\/slac-artsdecombat.fr\/index.php\/wp-json\/wp\/v2\/pages\/96","targetHints":{"allow":["GET"]}}],"collection":[{"href":"https:\/\/slac-artsdecombat.fr\/index.php\/wp-json\/wp\/v2\/pages"}],"about":[{"href":"https:\/\/slac-artsdecombat.fr\/index.php\/wp-json\/wp\/v2\/types\/page"}],"author":[{"embeddable":true,"href":"https:\/\/slac-artsdecombat.fr\/index.php\/wp-json\/wp\/v2\/users\/1"}],"replies":[{"embeddable":true,"href":"https:\/\/slac-artsdecombat.fr\/index.php\/wp-json\/wp\/v2\/comments?post=96"}],"version-history":[{"count":23,"href":"https:\/\/slac-artsdecombat.fr\/index.php\/wp-json\/wp\/v2\/pages\/96\/revisions"}],"predecessor-version":[{"id":1037,"href":"https:\/\/slac-artsdecombat.fr\/index.php\/wp-json\/wp\/v2\/pages\/96\/revisions\/1037"}],"wp:attachment":[{"href":"https:\/\/slac-artsdecombat.fr\/index.php\/wp-json\/wp\/v2\/media?parent=96"}],"curies":[{"name":"wp","href":"https:\/\/api.w.org\/{rel}","templated":true}]}}

<p>Laurent ANDRE (Brevet d&rsquo;état &#8211; 2eme Dan Judo-Jujitsu)</p>
<p><a href="https://slac-artsdecombat.fr/wp-content/uploads/2019/09/Copie-de-IMG_20190906_193604.jpg"><img loading="lazy" decoding="async" class="aligncenter  wp-image-864" src="https://slac-artsdecombat.fr/wp-content/uploads/2019/09/Copie-de-IMG_20190906_193604.jpg" alt="" width="231" height="361" srcset="https://slac-artsdecombat.fr/wp-content/uploads/2019/09/Copie-de-IMG_20190906_193604.jpg 1646w, https://slac-artsdecombat.fr/wp-content/uploads/2019/09/Copie-de-IMG_20190906_193604-192x300.jpg 192w, https://slac-artsdecombat.fr/wp-content/uploads/2019/09/Copie-de-IMG_20190906_193604-768x1200.jpg 768w, https://slac-artsdecombat.fr/wp-content/uploads/2019/09/Copie-de-IMG_20190906_193604-655x1024.jpg 655w" sizes="auto, (max-width: 231px) 100vw, 231px" /></a></p>
<p>Christian ORTEGA (Brevet fédéral FSGT d’animateur )</p>
<p><img loading="lazy" decoding="async" class="size-medium wp-image-124 aligncenter" src="https://slac-artsdecombat.fr/wp-content/uploads/2017/10/IMG_6573-Copie-248x300.jpg" alt="" width="248" height="300" srcset="https://slac-artsdecombat.fr/wp-content/uploads/2017/10/IMG_6573-Copie-248x300.jpg 248w, https://slac-artsdecombat.fr/wp-content/uploads/2017/10/IMG_6573-Copie-768x931.jpg 768w, https://slac-artsdecombat.fr/wp-content/uploads/2017/10/IMG_6573-Copie-845x1024.jpg 845w, https://slac-artsdecombat.fr/wp-content/uploads/2017/10/IMG_6573-Copie.jpg 1876w" sizes="auto, (max-width: 248px) 100vw, 248px" /></p>
<p>Jean SALMERON (Brevet fédéral FSGT d’animateur, Brevet fédéral de boxe française)</p>
<p><img loading="lazy" decoding="async" class="size-medium wp-image-125 aligncenter" src="https://slac-artsdecombat.fr/wp-content/uploads/2017/10/IMG_6570-Copie-238x300.jpg" alt="" width="238" height="300" srcset="https://slac-artsdecombat.fr/wp-content/uploads/2017/10/IMG_6570-Copie-238x300.jpg 238w, https://slac-artsdecombat.fr/wp-content/uploads/2017/10/IMG_6570-Copie-768x970.jpg 768w, https://slac-artsdecombat.fr/wp-content/uploads/2017/10/IMG_6570-Copie-811x1024.jpg 811w, https://slac-artsdecombat.fr/wp-content/uploads/2017/10/IMG_6570-Copie.jpg 1805w" sizes="auto, (max-width: 238px) 100vw, 238px" /></p>


<p>Patrice PERETTI (2ème dan Nihon Taijitsu, 5ème dan Aikijutsu)</p>



<p class="has-text-align-center"><img loading="lazy" decoding="async" width="200" height="267" class="wp-image-953" style="width: 200px;" src="https://slac-artsdecombat.fr/wp-content/uploads/2020/09/patrice-peretti.jpg" alt="" srcset="https://slac-artsdecombat.fr/wp-content/uploads/2020/09/patrice-peretti.jpg 390w, https://slac-artsdecombat.fr/wp-content/uploads/2020/09/patrice-peretti-225x300.jpg 225w" sizes="auto, (max-width: 200px) 100vw, 200px" /><br></p>

<p>Laurent ANDRE (Brevet d&rsquo;état &#8211; 2eme Dan Judo-Jujitsu) Christian ORTEGA (Brevet fédéral FSGT d’animateur ) Jean SALMERON (Brevet fédéral FSGT d’animateur, Brevet fédéral de boxe française) Patrice PERETTI (2ème dan Nihon Taijitsu, 5ème dan Aikijutsu)</p>
