{"id":84,"date":"2017-09-27T08:33:23","date_gmt":"2017-09-27T06:33:23","guid":{"rendered":"http:\/\/slac-artsdecombat.fr\/?page_id=84"},"modified":"2025-04-15T18:12:50","modified_gmt":"2025-04-15T16:12:50","slug":"activite","status":"publish","type":"page","link":"https:\/\/slac-artsdecombat.fr\/index.php\/activite\/","title":{"rendered":"Activit\u00e9s"},"content":{"rendered":"<p>Les disciplines enseign\u00e9es et pratiqu\u00e9es \u00e0 la SLAC sont les suivantes\u00a0:<\/p>\n<p><strong>Self-d\u00e9fense\u00a0<\/strong>: L\u2019objectif est de se d\u00e9fendre contre des agressions de toute nature par l\u2019utilisation de techniques combin\u00e9es de Jujitsu, de boxe pieds poings et autres techniques de combat.<\/p>\n<p><strong>Judo <\/strong>: Le Judo est un sport de combat issu du Jujitsu. Le judoka utilise des techniques de projection et de travail au sol. Le Judo est \u00e9galement un outil d&rsquo;\u00e9ducation au travers de son code moral.<\/p>\n<p><strong>Jujitsu :<\/strong> Le Jujitsu est un art martial de combat \u00e0 mains nues. Les techniques sont souvent utilis\u00e9es aujourd&rsquo;hui en self-d\u00e9fense.<\/p>\n<p><strong>A\u00efkido\u00a0<\/strong>: L\u2019a\u00efkido est \u00a0issu de techniques ancestrales bas\u00e9es sur l\u2019harmonisation avec la force de l\u2019adversaire pour en neutraliser l\u2019agressivit\u00e9.<\/p>\n<p><strong>Iaido\u00a0<\/strong>: Le Iaido, \u00a0art martial s\u00e9culaire, propose \u00e0 travers la pratique du KATANA (sabre japonais) un travail sur la ma\u00eetrise de soi (D\u00e9gainage, art de la coupe, combat au sabre)<\/p>\n\n\n<h3 class=\"wp-block-heading\">Salle de pr\u00e9paration physique<\/h3>\n\n\n\n<p>Exclusivement r\u00e9serv\u00e9e aux pratiquants licenci\u00e9s de la S.L.A.C. (adultes et ados)<\/p>\n\n\n\n<figure class=\"wp-block-image size-medium is-resized is-style-default\"><img loading=\"lazy\" decoding=\"async\" width=\"300\" height=\"225\" src=\"https:\/\/slac-artsdecombat.fr\/wp-content\/uploads\/2025\/04\/IMG_9170-1-300x225.jpg\" alt=\"\" class=\"wp-image-1428\" style=\"width:331px;height:auto\" srcset=\"https:\/\/slac-artsdecombat.fr\/wp-content\/uploads\/2025\/04\/IMG_9170-1-300x225.jpg 300w, https:\/\/slac-artsdecombat.fr\/wp-content\/uploads\/2025\/04\/IMG_9170-1-1024x768.jpg 1024w, https:\/\/slac-artsdecombat.fr\/wp-content\/uploads\/2025\/04\/IMG_9170-1-768x576.jpg 768w, https:\/\/slac-artsdecombat.fr\/wp-content\/uploads\/2025\/04\/IMG_9170-1-1536x1152.jpg 1536w, https:\/\/slac-artsdecombat.fr\/wp-content\/uploads\/2025\/04\/IMG_9170-1-2048x1536.jpg 2048w\" sizes=\"auto, (max-width: 300px) 100vw, 300px\" \/><\/figure>\n","protected":false},"excerpt":{"rendered":"<p>Les disciplines enseign\u00e9es et pratiqu\u00e9es \u00e0 la SLAC sont les suivantes\u00a0: Self-d\u00e9fense\u00a0: L\u2019objectif est de se d\u00e9fendre contre des agressions de toute nature par l\u2019utilisation de techniques combin\u00e9es de Jujitsu, de boxe pieds poings et autres techniques de combat. Judo : Le Judo est un sport de combat issu du Jujitsu. Le judoka utilise des &hellip; <\/p>\n<p class=\"link-more\"><a href=\"https:\/\/slac-artsdecombat.fr\/index.php\/activite\/\" class=\"more-link\">Continuer la lecture<span class=\"screen-reader-text\"> de &laquo;&nbsp;Activit\u00e9s&nbsp;&raquo;<\/span><\/a><\/p>\n","protected":false},"author":1,"featured_media":0,"parent":0,"menu_order":0,"comment_status":"closed","ping_status":"closed","template":"","meta":{"footnotes":""},"class_list":["post-84","page","type-page","status-publish","hentry"],"_links":{"self":[{"href":"https:\/\/slac-artsdecombat.fr\/index.php\/wp-json\/wp\/v2\/pages\/84","targetHints":{"allow":["GET"]}}],"collection":[{"href":"https:\/\/slac-artsdecombat.fr\/index.php\/wp-json\/wp\/v2\/pages"}],"about":[{"href":"https:\/\/slac-artsdecombat.fr\/index.php\/wp-json\/wp\/v2\/types\/page"}],"author":[{"embeddable":true,"href":"https:\/\/slac-artsdecombat.fr\/index.php\/wp-json\/wp\/v2\/users\/1"}],"replies":[{"embeddable":true,"href":"https:\/\/slac-artsdecombat.fr\/index.php\/wp-json\/wp\/v2\/comments?post=84"}],"version-history":[{"count":21,"href":"https:\/\/slac-artsdecombat.fr\/index.php\/wp-json\/wp\/v2\/pages\/84\/revisions"}],"predecessor-version":[{"id":1450,"href":"https:\/\/slac-artsdecombat.fr\/index.php\/wp-json\/wp\/v2\/pages\/84\/revisions\/1450"}],"wp:attachment":[{"href":"https:\/\/slac-artsdecombat.fr\/index.php\/wp-json\/wp\/v2\/media?parent=84"}],"curies":[{"name":"wp","href":"https:\/\/api.w.org\/{rel}","templated":true}]}}