{"id":8,"date":"2017-09-26T17:35:57","date_gmt":"2017-09-26T15:35:57","guid":{"rendered":"http:\/\/slac-artsdecombat.fr\/?page_id=8"},"modified":"2019-08-27T18:35:17","modified_gmt":"2019-08-27T16:35:17","slug":"a-propos-de","status":"publish","type":"page","link":"https:\/\/slac-artsdecombat.fr\/index.php\/a-propos-de\/","title":{"rendered":"Pr\u00e9sentation du club"},"content":{"rendered":"<p><img loading=\"lazy\" decoding=\"async\" class=\"alignleft wp-image-164 size-thumbnail\" src=\"https:\/\/slac-artsdecombat.fr\/wp-content\/uploads\/2017\/11\/IMG_6596-150x150.jpg\" alt=\"\" width=\"150\" height=\"150\" srcset=\"https:\/\/slac-artsdecombat.fr\/wp-content\/uploads\/2017\/11\/IMG_6596-150x150.jpg 150w, https:\/\/slac-artsdecombat.fr\/wp-content\/uploads\/2017\/11\/IMG_6596-100x100.jpg 100w\" sizes=\"auto, (max-width: 150px) 100vw, 150px\" \/>La <strong>Soci\u00e9t\u00e9 Laurisienne des Arts de Combat (la S.L.A.C.)<\/strong> est une association \u00e0 but non lucratif, <strong>fond\u00e9e en 2008<\/strong>, dont l&rsquo;objet principal est l&rsquo;enseignement et la pratique du<strong> judo-jujitsu, de la self d\u00e9fense, du iaido, du jodo et de l&rsquo;a\u00efkido<\/strong>. Ces activit\u00e9s se pratiquent au dojo municipal de Lauris dans le vieux village.<\/p>\n<p>De fa\u00e7on compl\u00e9mentaire et occasionnelle, la S.L.A.C. peut \u00e9galement proposer \u00e0 ses adh\u00e9rents la pratique d&rsquo;autres activit\u00e9s physiques, sportives et de pleine nature.<\/p>\n","protected":false},"excerpt":{"rendered":"<p>La Soci\u00e9t\u00e9 Laurisienne des Arts de Combat (la S.L.A.C.) est une association \u00e0 but non lucratif, fond\u00e9e en 2008, dont l&rsquo;objet principal est l&rsquo;enseignement et la pratique du judo-jujitsu, de la self d\u00e9fense, du iaido, du jodo et de l&rsquo;a\u00efkido. Ces activit\u00e9s se pratiquent au dojo municipal de Lauris dans le vieux village. De fa\u00e7on &hellip; <\/p>\n<p class=\"link-more\"><a href=\"https:\/\/slac-artsdecombat.fr\/index.php\/a-propos-de\/\" class=\"more-link\">Continuer la lecture<span class=\"screen-reader-text\"> de &laquo;&nbsp;Pr\u00e9sentation du club&nbsp;&raquo;<\/span><\/a><\/p>\n","protected":false},"author":1,"featured_media":0,"parent":0,"menu_order":0,"comment_status":"closed","ping_status":"closed","template":"","meta":{"footnotes":""},"class_list":["post-8","page","type-page","status-publish","hentry"],"_links":{"self":[{"href":"https:\/\/slac-artsdecombat.fr\/index.php\/wp-json\/wp\/v2\/pages\/8","targetHints":{"allow":["GET"]}}],"collection":[{"href":"https:\/\/slac-artsdecombat.fr\/index.php\/wp-json\/wp\/v2\/pages"}],"about":[{"href":"https:\/\/slac-artsdecombat.fr\/index.php\/wp-json\/wp\/v2\/types\/page"}],"author":[{"embeddable":true,"href":"https:\/\/slac-artsdecombat.fr\/index.php\/wp-json\/wp\/v2\/users\/1"}],"replies":[{"embeddable":true,"href":"https:\/\/slac-artsdecombat.fr\/index.php\/wp-json\/wp\/v2\/comments?post=8"}],"version-history":[{"count":12,"href":"https:\/\/slac-artsdecombat.fr\/index.php\/wp-json\/wp\/v2\/pages\/8\/revisions"}],"predecessor-version":[{"id":774,"href":"https:\/\/slac-artsdecombat.fr\/index.php\/wp-json\/wp\/v2\/pages\/8\/revisions\/774"}],"wp:attachment":[{"href":"https:\/\/slac-artsdecombat.fr\/index.php\/wp-json\/wp\/v2\/media?parent=8"}],"curies":[{"name":"wp","href":"https:\/\/api.w.org\/{rel}","templated":true}]}}